85. List the prime factors of y.
2, 3
Suppose -210 = -3*q + 2*g + 72, 3*g = -4*q + 393. Let n be -4 + q/3 + -3. Suppose -3*p + 86 = -2*v, -2*v - n = -p - 5*v. List the prime factors of p.
2, 7
Suppose 5*r - 2*m = 23, 7 = 2*r - 5*r - 4*m. Let p be r + -6 + 0 + 0. What are the prime factors of ((-1)/p)/((-1)/(-33))?
11
Let t(f) = -f**3 - 10*f**2 - 25*f - 52. List the prime factors of t(-10).
2, 3, 11
Let h(y) = -y**3 - 11*y**2 - 2*y - 8. Let d be h(-11). List the prime factors of (-207)/(-4) + d/56.
2, 13
Let x = -61 + 848. What are the prime factors of x?
787
Let l(s) = -2*s**3 + 4*s**2 - 4*s + 3. Let g be l(2). Let r(j) = -4 - 7 - 11 + 3*j + 24 + 2*j**2. What are the prime factors of r(g)?
37
Let v be (4/(-12))/(1/(-9)). Suppose i - 6 = 2*y, -3*i + y + v = -5. Suppose -q - 40 = -i*a + a, 2*a - 86 = 4*q. List the prime factors of a.
37
Suppose g - 105 = 49. Let k = g + -74. List the prime factors of k.
2, 5
Let g be (4 - 1) + -11 + 11. Suppose -g*w = -4 + 10. List the prime factors of w/((-69)/17 + 4).
2, 17
Suppose -2*b + 6 = 0, 594 = -3*t + 6*t - 4*b. Let l = 470 - 423. Suppose q - 2*c = -3*c + l, 4*q = 3*c + t. What are the prime factors of q?
7
List the prime factors of 652 + 36/(-20)*10/6.
11, 59
Suppose 0 = 3*m + 27 + 21. List the prime factors of 0 + m/(4 + 0) - -95.
7, 13
Let q be (-11)/(-2) + 2/(-4). Let j = 131 + -44. Suppose q*u = j + 3. List the prime factors of u.
2, 3
Let z(f) = f - 11. Let w be z(10). What are the prime factors of 44 - (4 + w - 1)?
2, 3, 7
Suppose 2*c = 3*h - 1429, 2*h + 0*c - 946 = -2*c. What are the prime factors of h?
5, 19
Suppose 884 = 4*r + 2*g, -r = -8*g + 6*g - 211. List the prime factors of r.
3, 73
List the prime factors of (-2100)/9*(-84)/70.
2, 5, 7
List the prime factors of 120/(-150)*365/(-2).
2, 73
Let s be 12*(-1 - (-4)/3). Suppose -s*q = 2*q - 54. List the prime factors of q - (2 - 16/4).
11
Suppose 2602 = 2*z - 5*c, 0 = -20*z + 17*z + 3*c + 3912. What are the prime factors of z?
2, 653
Let a be (-26)/(-5) - 4/20. Suppose a*v - 4 = 5*d + 1, -5*d = -v - 3. Suppose 2*z - 116 = -v*z. List the prime factors of z.
29
Suppose 5*c + 0*c - 50 = 0. Let h = -7 + c. Suppose h*v + 0*v = 105. List the prime factors of v.
5, 7
Let w(z) = -z**3 - 6*z**2 - z - 2. Let a(k) = -k + 4. Let b be a(10). Let r be w(b). Suppose r*s - s - 58 = -2*l, -2*s + 8 = 0. What are the prime factors of l?
23
Let z = -2910 + 4694. What are the prime factors of z?
2, 223
Let x = -27 - -21. Let s(p) = 2*p**2 + 9*p + 9. List the prime factors of s(x).
3
Suppose k - 69 = 3*o - 2*k, k + 1 = 0. Let b(s) = -s**2 + 19*s + 64. Let x be b(22). Let m = x - o. What are the prime factors of m?
2, 11
Suppose -158*v + 1236 = -154*v. What are the prime factors of v?
3, 103
What are the prime factors of ((-128)/(-12))/((-8)/(-192))?
2
Let w = 475 - 128. List the prime factors of w.
347
Let v(z) be the second derivative of z**3/6 - 5*z**2/2 - 2*z. Let q be v(8). What are the prime factors of 26/q + (-4)/(-12)?
3
Suppose 7*m - 7 = 21. List the prime factors of (-4)/m + 2 - (-195 - -1).
3, 5, 13
Let o = 43 + -59. List the prime factors of 1 - (-1714)/18 - o/(-72).
2, 3
Let z be (0 - -2 - 2)/(-2). Suppose 4*y + 121 - 545 = z. What are the prime factors of y?
2, 53
Suppose 6*t - 134 = 244. List the prime factors of t.
3, 7
List the prime factors of (-706)/((-17)/((-51)/(-6))).
353
Suppose 647*h = 638*h + 20628. What are the prime factors of h?
2, 3, 191
Let a(h) = 12*h + 20. Suppose m = -5*m + 54. What are the prime factors of a(m)?
2
Let g = -1198 + 1730. List the prime factors of g.
2, 7, 19
Let u be 2/3 - 60/(-18). Suppose 5*p = -u*f + 10, -4*f = -0*f. Suppose 0 = -5*j + 3*k + 276, 76 - 25 = j - p*k. What are the prime factors of j?
3, 19
Let a be -4 - -3*40/15. List the prime factors of (-14868)/(-70) + a/(-10).
2, 53
Suppose 4*z + 7 = 5*k, -5*k + z + 10 = -k. Suppose 2*v - 2*t - 60 = 0, v - 1 = -k*t + 29. List the prime factors of v.
2, 3, 5
Let i(c) = c**2 + 3*c - 2. Let l be i(0). List the prime factors of -22*l/(20/45).
3, 11
Let r(v) = 2*v - 15. Let m be r(12). Suppose -12*l + m*l + 336 = 0. List the prime factors of l.
2, 7
Let w = -9 - -12. Suppose -4*g = x, -3*x - w*g + 3 = -6. Suppose 8*v - 3*v = -h + 48, 3*v - 39 = -x*h. List the prime factors of v.
3
Suppose -v + 3 = 2*v. Suppose -5*r + v + 19 = 0. Suppose 5*a + 0*k + 3*k = 14, r = -a - 4*k. What are the prime factors of a?
2
Let w be 15/2*(196/5 - 4). Suppose -m + 4*m - w = 0. What are the prime factors of m?
2, 11
Let s be (-3 + 4)*(0 + 308). Let j = s - 197. What are the prime factors of j?
3, 37
Let m = -1240 + 1322. What are the prime factors of m?
2, 41
Let y = 6 + -8. List the prime factors of (-2 - y)/2 + (-492)/(-6).
2, 41
Let t(o) = 16*o - 20. Let n be t(4). Let r(v) = -v**2 - 3*v + 5. Let f be r(-6). Let x = f + n. List the prime factors of x.
31
Suppose i = 4*r - 398 - 63, 5*i + 565 = 5*r. List the prime factors of r.
2, 29
Suppose 4067 = 14*m - 5005. What are the prime factors of m?
2, 3
Let v be (-1*3/(-6))/(3/(-36)). Let o(h) = -h**3 - 4*h**2 + 8*h + 6. List the prime factors of o(v).
2, 3, 5
Suppose 0 = -3*i + 2*d + 10, -5*i + 5*d = d - 18. Suppose 0 = -7*n + i*n. Suppose -7*j + 49 + 336 = n. List the prime factors of j.
5, 11
Suppose -12 = -2*n + 44. Suppose w = 3*y - n, 3*w - 1 + 55 = -y. Let h = -9 - w. What are the prime factors of h?
2, 5
Let v = -22 + -8. Let f be ((-116)/(-5))/(v/(-75)). Suppose 6 - f = -4*d. What are the prime factors of d?
13
Suppose 5*l = o + 2*o - 8, -3*o + 1 = 2*l. Let d be (o/(-2))/(1/4). What are the prime factors of (16 - -2) + (d - -4)?
2, 5
Let c be -3*(4/6 - 2). Let l(j) be the second derivative of j**4/12 + j**3 - 7*j**2/2 - 88*j. What are the prime factors of l(c)?
3, 11
Let a(n) = -n**2 - 13*n - 10. Let i be a(-12). Let m = 4 + i. Let x(j) = j**2 - 3*j + 15. What are the prime factors of x(m)?
3, 11
Let d(m) be the third derivative of m**5/60 - 3*m**4/4 + 3*m**2. Let v be d(8). What are the prime factors of (1024/v)/(2/(-5))?
2
Let x be 24/18 - 4/(-6). Let p = -79 - -163. Suppose 5*w - p = x*w. What are the prime factors of w?
2, 7
Suppose o - 621 = -5*c, 576 = -o + 2*o - 4*c. List the prime factors of o.
2, 149
Suppose 12681 = 3*c - 3*m, -33742 = -5*c - 4*m - 12571. List the prime factors of c.
4231
List the prime factors of 186/155 - 1924/(-5).
2, 193
Let d(p) = 2*p**2 - 7*p. Let w be d(5). Let i = w + -11. Suppose k = -2*s + 77, i*s - 187 + 30 = -5*k. List the prime factors of s.
2, 19
Let u be (-3)/(9/(-12)) + 1. Suppose u*k - 145 = -2*g + 480, 4*k + 2*g = 502. Suppose 5*r = 8*r - k. What are the prime factors of r?
41
Suppose -8 = -6*m + 2*m. Let x be (-3)/(m - -1)*-3. Suppose c - x = -0*c. List the prime factors of c.
3
What are the prime factors of (-136664)/110*(-5)/2?
2, 1553
Let p(x) = -x**3 + 16*x**2 - 7*x - 2. Let z be p(-6). Suppose 488 = 5*l - z. What are the prime factors of l?
2, 3, 11
Let q be (-56)/(-10) + 2/5. What are the prime factors of 31/(-3)*-3 + (3 - q)?
2, 7
Let s(m) be the third derivative of 5*m**4/3 - 10*m**3/3 + 23*m**2. List the prime factors of s(5).
2, 3, 5
Suppose 3*y - 137 = -0*x + x, 5*y = -x + 223. Suppose u + 1 + 1 = 0, 4*u - y = -v. List the prime factors of v.
53
Suppose 5*m - 5*q + 0*q = 4570, 3*m - 2742 = -3*q. What are the prime factors of m?
2, 457
Let v be (-39)/26*1*2. List the prime factors of ((-27)/18)/(v/118).
59
Let j = 42 + -42. Suppose p + p - 84 = j. What are the prime factors of p?
2, 3, 7
Suppose 0*b - 8 = -4*x - 4*b, 4*x + 5*b - 6 = 0. Suppose x*w - 521 = 87. List the prime factors of w.
2, 19
Let q(k) = 15*k + 3. Let w be (-12)/(-15)*30/4. List the prime factors of q(w).
3, 31
Suppose 30 = 2*z - 5*d + 97, d = 3. Let s = -19 - z. What are the prime factors of s?
7
Suppose w = -3*w + g + 16, 3*g - 32 = -4*w. Suppose 0 = 3*y + w*p - 460, 2*y - 4*p = 4*y - 306. What are the prime factors of y?
5, 31
Let m = 397 - 247. Suppose -3*x + 150 = -0*x + 3*f, m = 3*x + 2*f. List the prime factors of x.
2, 5
Let r(t) = 2*t + 4. Let i be r(-4). List the prime factors of (-1624)/(-12) + 3 - i/6.
139
Let o be (-2 + 1)*(-1)/1. List the prime factors of o + 2 + 51*1 + 1.
5, 11
Suppose 0 = 3*i - 2 - 28. Let r(b) = 20*b + 9. Let n be r(i). Suppose -5*a = -3*w + n, w = -0*w - 3*a + 93. What are